culate the greatest common divisor of o and n.
18
Suppose -4*d + 27 = -41. Let r = d - 5. Suppose 3*f - 5*v - 144 = 0, 0 = -3*f - 1242*v + 1240*v + 144. Calculate the highest common factor of r and f.
12
Let p be ((-1)/(-1))/((-3)/(-597)). Calculate the greatest common factor of 398 and p.
199
Let u be 2/8 - (-2152666)/258*3/4. What is the greatest common divisor of u and 42?
42
Suppose 102441 = -132*n + 754521. What is the greatest common factor of 76 and n?
76
Let d = 13770 + -13476. Calculate the highest common divisor of 21462 and d.
294
Let h = 40932 + -40925. What is the highest common factor of h and 1043?
7
Let a be 3154/30 + ((-56)/(-30) - 2). What is the highest common factor of a and 11235?
105
Suppose -5*n = -3*n + 42. Let a be (54/n)/((-1)/98). Suppose 31 = c - 2*f - 21, 3*f - a = -4*c. What is the highest common divisor of c and 20?
20
Let y = -58569 - -58575. Let h be (74/5)/((-3)/(-45)). Calculate the greatest common divisor of h and y.
6
Let t be ((-10)/(-2))/(5/8046). Calculate the greatest common factor of 162 and t.
54
Let v be ((-6)/8)/((-1)/(1372/7)). Suppose -2*c - 272 = -3*u, 2*c - c + 4*u + v = 0. Let p = 208 + c. Calculate the highest common divisor of p and 23.
23
Suppose -b + 417 = 4*b - 503. Calculate the highest common factor of b and 1426.
46
Let i = -29828 + 29834. Let h(q) = -53*q - 4. Let j be h(-2). Calculate the highest common factor of j and i.
6
Suppose 12 = 166*j - 160*j. Suppose -d = k - 34, j*k + 3*d = -3*k + 160. Calculate the greatest common factor of 638 and k.
29
Suppose -13352 - 48735 = -137*i - 5917. Suppose 36 = 4*r + 4*m, 2*r + 0*r - 2*m = 22. Calculate the greatest common divisor of i and r.
10
Suppose -3*y - 2*q + 200 = 96, 4*y + q - 152 = 0. What is the greatest common factor of y and 20300?
20
Suppose 4*m = 2*h + 34548, 3*h = 5*m + 9843 - 53030. What is the greatest common factor of m and 165?
55
Suppose 299 + 40902 = 21*a - 11005. Calculate the highest common factor of a and 565.
113
Let x be (-2022)/(30/(-135) + 0). Calculate the greatest common divisor of 27 and x.
27
Suppose -140 = -5*g + 160. Suppose -143*d - 4*d + 26*d + 39930 = 0. What is the greatest common divisor of g and d?
30
Suppose 0 = -2*h + 4*r + 44, 4*h + 5*r = 6*h - 41. Let n = -787 - -1165. What is the highest common factor of h and n?
14
Let m(d) = 5*d - 17. Let p be m(4). Suppose 5*a = -4*q + 27, 6*q - p*q - 3*a = 0. Let i be (q - 20/4) + 7. Calculate the highest common divisor of i and 35.
5
Suppose -5*a - 7*m - 760 = -2*m, -a + 4*m - 142 = 0. Let p = 136 - a. Calculate the greatest common divisor of p and 78.
26
Let u = 14 - 12. Let v(h) = 9*h - 30 - 6 + u*h - 5*h. Let w be v(13). What is the highest common divisor of w and 6?
6
Suppose 12*j = 16*j - 4. Let t be 8 - -61 - (j - 2). What is the highest common divisor of 20 and t?
10
Let f(h) = -28*h + 2156. Let v be f(74). Calculate the greatest common divisor of 231 and v.
21
Let k = -22681 - -22688. Suppose -m + 94 = -5*a, -a = -m + 3*a + 99. What is the highest common factor of m and k?
7
Let h be 99/(-12)*(-8)/3. Suppose 0 = p + x - 32, 2*x + 75 = 2*p + 7. Suppose -20*n - p = -21*n. What is the highest common factor of n and h?
11
Suppose 7*q = 51 + 449 + 88. Suppose 4*l + 4*l - 96 = 0. What is the highest common factor of l and q?
12
Let z(p) = 20*p**2 + 23*p - 624*p**3 + 26 + 625*p**3 - 5*p. Let t be z(-19). What is the highest common divisor of 5 and t?
5
Let g(n) = -n + 6. Let j be g(4). Let x be ((2 - 2) + (-21)/(-42))*30/1. Suppose -p = -j*p + x. What is the highest common divisor of 15 and p?
15
Suppose -132 = -5*y + 4*d, 3*d + 20 = y - d. Let m = 77342 + -77272. What is the highest common divisor of m and y?
14
Let d be -1 + (-11 + 2 - -5). Let s = d + 97. Calculate the highest common factor of 138 and s.
46
Let f be (25483 + 0)*(10 + -28 + 19). Calculate the highest common factor of f and 34.
17
Suppose -2*s - 12 = -8*v + 3*v, 3*s = -5*v + 7. Let h(x) = -x**2 + 7*x + 132. Let b be h(14). What is the greatest common factor of b and v?
2
Let u = -143 - -199. Let n = 448 + 56. What is the highest common factor of n and u?
56
Let a = 233 - 214. Suppose -h + a = -k - 4, 3*k = -4*h + 78. Calculate the greatest common factor of 24 and h.
3
Let v be (-2 - 30/9)/((-13)/156). What is the highest common factor of v and 22?
2
Let o(h) = h**3 - 7*h**2 - 9*h - 2. Let b be o(8). Let g be b/35 + 372/28. Calculate the highest common factor of g and 351.
13
Suppose -127*t - 1000 = -131*t. Calculate the greatest common divisor of t and 2400.
50
Let h be 1141 - (-9 - 6 - -29). What is the greatest common divisor of 392 and h?
49
Suppose 2*z - 11290 = -5*v, -4597 + 15897 = 5*v + 4*z. Let x = -1464 + v. Calculate the greatest common divisor of x and 72.
72
Let y(v) = -v**3 - 14*v**2 - 11*v - 429. Let g be y(-16). Calculate the highest common divisor of g and 26159.
259
Suppose 0 = 2*f - 4*u - 30, 2*u = f + 4*u + 5. What is the highest common divisor of f and 43?
1
Let o be (((-44)/110)/(1/(-116)) - -1)*5. Calculate the greatest common factor of 1975 and o.
79
Let m be 2578/18 + -3*(-7 - (-1910)/270). What is the highest common factor of 1243 and m?
11
Suppose 115717 = 21*b + 4*b + 36*b. Calculate the highest common factor of 7 and b.
7
Suppose 0 = -3*z - 5*i + 806, -z - 14*i = -12*i - 270. What is the greatest common factor of 1 and z?
1
Suppose -213 - 341 = 4*l + 5*u, -3*l - 429 = -3*u. Let o = l - -189. Calculate the greatest common divisor of 12 and o.
12
Let b = 62 + 22. Let d be 4/6 - (-10696)/b. What is the greatest common divisor of 48 and d?
16
Suppose -13*u - 16 - 62 = 0. Let l = 105 + u. Suppose -2*r - 3*g - 53 = -6*r, 3*r - g = 36. Calculate the greatest common divisor of l and r.
11
Suppose -86*u = 114*u - 7000. What is the highest common factor of u and 5873?
7
Let o(l) = 125*l - 6. Let y be o(3). Let u = 439 - y. Calculate the greatest common divisor of u and 50.
10
Let v = 310 - 220. Calculate the highest common factor of v and 480.
30
Let w be (-207)/((-48)/8*2/16). Calculate the greatest common divisor of w and 84.
12
Suppose -85*c + 41*c - 781 = -26961. Let d(q) = q**2 + 8*q + 5. Let k be d(-13). Calculate the highest common factor of c and k.
35
Suppose 25*c = -44*c + 81*c - 96. Calculate the greatest common factor of c and 5884.
4
Suppose 4*q + 3*o = 244, 4*q + 2*o = 7*o + 276. Suppose -80*w - 111 + 487 + 264 = 0. Calculate the highest common factor of q and w.
8
Let o(y) = 40*y**2 - 6*y - 6. Let h be o(-1). Let x(w) = 3*w**3 - 2*w**2. Let p be x(2). What is the highest common factor of p and h?
8
Let u = 1916 - 1841. Let o(h) = -h**3 + 10*h**2 - 13*h + 4. Let n be o(7). What is the highest common divisor of n and u?
15
Suppose 120 = 3*s - 337*b + 334*b, -4*b - 4 = 0. Suppose i + 0*i = 3. Calculate the greatest common divisor of i and s.
3
Suppose -q + 2*z = -188, 13*q - 856 = 8*q - 4*z. What is the highest common divisor of q and 3740?
44
Let x = 33646 - 33470. What is the highest common divisor of x and 14388?
44
Suppose 49*r + b = 54*r - 77, -5*r + 65 = -5*b. Suppose 0*a + a = 2. Calculate the highest common divisor of r and a.
2
Let j be -3*(-6)/9 - (-4 - 10). Suppose -64 = -8*s + j. Calculate the greatest common divisor of 70 and s.
10
Suppose -10 = h - 3*s, h + s - 1 = 1. Let i be 13*h*3/(-3). Suppose -3*l - 330 = -i*l. Calculate the highest common factor of l and 33.
33
Suppose 51*h - 69212 - 61792 = 13071. What is the highest common factor of h and 325?
25
Suppose -2*k + 38 = 2*q, -618*k + 3*q = -622*k + 81. What is the greatest common factor of 5064 and k?
24
Let p(r) = 907*r**2 - 453*r**2 - 453*r**2 - 2*r - 35. Let h be p(9). Calculate the greatest common divisor of h and 77.
7
Let h = -25 - -73. Suppose a - 116 = -2*z + 113, -5*a - 2*z + 1161 = 0. Suppose 8*b - 23 = a. Calculate the greatest common factor of b and h.
16
Suppose w - 20284 + 20270 = 0. Calculate the greatest common factor of w and 938.
14
Let d(u) = 44*u**2 - 12*u + 3. Let t be d(2). Calculate the greatest common divisor of t and 2635.
155
Suppose 349 = 4*h + f, -16*h + 540 = -10*h - 4*f. What is the greatest common factor of h and 264?
88
Let r be (3150/(-147))/(3/(-112)). What is the greatest common factor of 1120 and r?
160
Let s be 202/2 - (4 - (12 - 10))/1. Let d = 110 - 44.